) = 9*h + 33. Let k(c) = -3*o(c) - 10*z(c). Give k(-13).
-6
Suppose -6*u = -2*u. Suppose u*t = -2*t - 16. Let m(x) = -9*x**2 + 1518474 - 8*x - 3036925 + 1518460 - x**3. Determine m(t).
9
Let v(x) be the third derivative of x**7/840 + x**6/36 + x**5/12 - 11*x**4/24 + 7*x**3/3 + 73*x**2. Let s(b) be the first derivative of v(b). What is s(-9)?
-20
Let y(d) = -4*d - 80. Let s be y(-23). Let k(f) = -5 + s + f**2 - 254*f + 253*f. Calculate k(0).
7
Let z(r) be the first derivative of -r**3/3 + 9*r**2/2 + 66*r + 1216. Determine z(-5).
-4
Let y(t) = -7*t**3 + 5*t**2 + 6*t + 8. Let o(d) be the first derivative of -3/4*d**4 + 3/2*d**2 - 16 + 4*d + d**3. Let l(b) = 5*o(b) - 2*y(b). Give l(6).
-14
Let i be (-6 - -5 - 7) + 54/6 + -2. Let d(n) = 97*n**2. What is d(i)?
97
Let n = 354 - 352. Let y(q) = -25 - 5 - 9*q**2 - q**3 + 42 + n*q. Calculate y(-9).
-6
Let y be ((-130)/25)/((-2)/(-10)). Let r = y - -24. Let z be (-1)/(-2) + (-1)/r. Let a(l) = -2*l. Give a(z).
-2
Let s(r) be the third derivative of r**5/60 - 2*r**4/3 + 3*r**3 + r**2. Suppose 3*l - 65 = 28078*b - 28082*b, 2*b + 4*l = 40. Calculate s(b).
-10
Suppose -44 = -8*c + 4. Let l be (2 - 1)/(-5 + (c - 2)). Let d(x) = -9*x + 1. Give d(l).
10
Let l(p) be the third derivative of p**6/120 - 17*p**5/30 + 61*p**4/24 + 85*p**3/6 - p**2 + 1742*p - 2. Determine l(32).
-11
Suppose 0 = 5*q - 3*l + l - 26, 16 = q - 4*l. Suppose -49 = 5*g + q*v - 7*v, v = 3. Let c(p) = -p**2 - 7*p + 6. What is c(g)?
-2
Let q = 97 + -87. Let w be 40/25 - -4 - 6/q. Let a(r) = r**3 - 4*r**2 - w*r**2 + 5*r**2 - 6*r - 2. What is a(5)?
-7
Let s(i) = -480 - 38*i**3 + 10*i + 9*i**2 + 465 + 37*i**3. Determine s(10).
-15
Let w(p) = 24*p + 233. Suppose -250 = 490*q - 465*q. Determine w(q).
-7
Let o(y) = 4*y - 2. Suppose 42 = -11*k - 2. Let t be 7/((-462)/(-540)) + k/22. Calculate o(t).
30
Let u(i) be the third derivative of i**4/2 - 23*i**3/6 - 2*i**2 - 625*i. Determine u(7).
61
Let v(q) = 51*q**2 - 288*q - 482. Let i be v(7). Let c(f) be the second derivative of 3*f**5/2 - f**4/6 + f**3/3 - f**2/2 - 2*f. Give c(i).
29
Let r(t) = -6*t**3 - 9*t**2 + 8*t - 5. Let z(v) = 7*v**3 + 10*v**2 - 10*v + 5. Let i = 60 - 65. Let a(j) = i*z(j) - 6*r(j). Determine a(-4).
-3
Let d(f) = -f**2 - f. Let r(t) = t**2 + 10*t + 6. Let h(u) = -2*d(u) - r(u). Let y = -13 - -24. Suppose 4*g = y*g - 56. Give h(g).
-6
Let k(v) = -32*v**2 + 40*v + 63. Let t(m) = -49*m**2 + 40*m + 63. Let y(p) = 3*k(p) - 2*t(p). Determine y(-18).
-9
Let r(j) = 2*j - 5. Suppose -2*d - 4*y = d - 8, -2*d + 5*y - 10 = 0. Let z be (5 - 3/3) + d. Give r(z).
3
Let w(p) = 19*p + 82. Let h be w(-8). Let g = 71 + h. Let x(d) = -2*d + 4*d + 5*d - 1 - 3*d. Calculate x(g).
3
Let i(f) = -52*f + 105. Suppose 40 = 5*s + 5*d, 0 = 31*s - 30*s - 4*d + 22. Give i(s).
1
Let w(l) = 95 + 88 - l + 91 + 2*l - 278. Suppose -5*y + 4*z + 52 = 13, 2*z - 26 = -4*y. Calculate w(y).
3
Let c(i) = 11 - 139*i**2 + 147*i**2 - 9*i - 4*i - i**3. Let w be c(6). Let r(d) = 7*d - 2*d**2 + 9*d**2 - 5*d**2 + w. Give r(-5).
20
Let q be 3 + 1*(-2 + 2). Let x be (-4)/(-12)*1*q. Suppose 0 = -6*d - 37 + x. Let p(b) = -b - 7. Give p(d).
-1
Let z(d) be the third derivative of -d**5/60 + 3*d**4/8 - d**3/3 + 223*d**2 - 2. Let a = 111 + -103. What is z(a)?
6
Let o(r) = -4*r - 11. Let z be o(6). Let l = z + 71. Let x = l - 36. Let a(s) = s**2 - s + 16. Calculate a(x).
16
Let o(p) = 3*p + 1. Let n be 6/9 + (-61)/(-3). Let w be (n/(-14))/((-2)/((-4)/(-3))). Calculate o(w).
4
Let m(p) = 2*p**3 + 26*p**2 - 24*p + 14. Let l(v) = -3*v**3 - 52*v**2 + 48*v - 19. Let w(a) = -3*l(a) - 5*m(a). Determine w(25).
12
Let t(j) = -4*j + 161. Let r(f) = -f + 48. Let x(h) = -7*r(h) + 2*t(h). Calculate x(-11).
-3
Let i(a) be the third derivative of 1/24*a**4 - 1/12*a**5 + 1/2*a**3 - 6*a**2 + 0 + 0*a - 1/120*a**6. Give i(-5).
-2
Let c(y) = 2*y - 216*y**3 + 196*y**3 + 168*y**2 + 2 - 167*y**2. Calculate c(-1).
21
Let f(m) = -12*m**2 - 3*m + 6. Suppose -18*w + 16*w - 12 = 0. Let z(o) = -10*o**2 - 2*o + 5. Let k(c) = w*f(c) + 7*z(c). Let v = -16 + 13. What is k(v)?
5
Let k(q) = 4*q - q**3 + 6*q**2 + 0*q**3 - 5 + 2*q**3. Let t = 116294 - 116300. What is k(t)?
-29
Let v(p) be the second derivative of -p**4/12 + p**3/3 + p**2/2 - 14*p + 99. Suppose 5*h + 3 = -2. Determine v(h).
-2
Let i(z) be the first derivative of -5*z**2/2 - 6*z - 900. Calculate i(3).
-21
Let f(h) = -h**3 - 3*h**2 + 6*h + 6. Suppose 0 = -9*t + 140 + 319. Let p = 47 - t. Calculate f(p).
-2
Suppose -4*g + 0*g = -8. Let k(z) = -9 + 2 - 3*z - g + 1. Suppose 3*v = 5*u - 7, 0 = 11*v - 12*v + 4*u. What is k(v)?
4
Let u(f) = f**3 + 7*f**2 - 10*f - 9. Let r = 89 + -73. Suppose 5*t + r - 6 = 0. Let s be -1*1/(t/(-16)). What is u(s)?
7
Let b(v) = -29*v**3 + 18*v**3 + 1 - 31 - 5*v**2 + 8*v**3 + 4*v**3 + 3*v. What is b(6)?
24
Suppose -2*l = -80 + 92. Let h(t) = t**3 + 4*t**2 - 11. What is h(l)?
-83
Let s(n) = -31*n**3 - n + 30*n**3 + 21*n - 7*n - 14*n**2 + 20. What is s(-15)?
50
Let d(k) = -217*k + 61. Let n(o) = 65*o - 20. Let c(b) = -3*d(b) - 10*n(b). Determine c(8).
25
Let p(o) be the second derivative of -13 + 7/6*o**3 + 3/2*o**2 + 1/12*o**4 - 3*o. Give p(-6).
-3
Let n(j) be the first derivative of -j**3 + j**2 - 4*j + 808. Give n(5).
-69
Let j = 12 + -19. Let t(w) be the second derivative of -w**5/20 - 2*w**4/3 - 5*w**3/6 + 5*w**2 + 29653*w. Determine t(j).
-4
Suppose 0*w = -w + 6. Let k be 3 - -2 - (-240 - -3)*1. Let i(c) = k + 29*c + c**2 - 238 - 35*c. Give i(w).
4
Suppose -3*g + 2*a = -577, 106 = 3*g - 5*a - 477. Suppose 51 = -10*c + g. Let j(z) = 14*z - z**2 + c*z - 32*z - 2 + 0*z**2. Determine j(-3).
1
Let b = 5002 - 5022. Let u(c) = -3*c - 41. What is u(b)?
19
Let u(j) be the first derivative of -j - 18 - 1/2*j**2. Give u(6).
-7
Let a(t) be the first derivative of -t**3/6 - 7*t**2/2 - 34*t - 114. Let g(n) be the first derivative of a(n). Calculate g(0).
-7
Let r(f) = -2*f**3 + 13*f**2 - 4*f + 5. Let q be (-12)/(-38) + 61849/9253. Determine r(q).
-72
Let r(n) = 3*n**2 - 17*n. Let z(f) = -2*f**2 + 14*f - 1. Let c(d) = 3*r(d) + 4*z(d). Let o be (-42)/4*6/9. Give c(o).
10
Suppose -5*g + 104 = 8*g. Let n(k) = 7*k + 16 - 4 + 0*k - g*k. Calculate n(8).
4
Let s be (8/4 + -1)*311. Suppose -318*r = -s*r + 70. Let p(o) = -o**2 - 9*o + 3. Give p(r).
-7
Let b(v) = -4*v - 4. Suppose 8 = -2*j + 2*s, -s - 10 = 2*j - 5. Let r be -5 + j/(-1) - (4 - 3). What is b(r)?
8
Suppose 3*w + 2*t + 19 = 0, t = -5*w + 4*t. Let p(b) be the first derivative of -b**2 - 8*b + 5. Give p(w).
-2
Let s = -70 + 73. Let v(z) = -z**2 - 8*z - 8*z - s + 12*z + 1. Determine v(-6).
-14
Suppose -3976*l = -3957*l - 114. Let p(c) = 53*c - 318. Give p(l).
0
Let y(l) be the second derivative of -l**5/20 + 11*l**4/12 - 23*l**3/6 - 13*l**2 + 160*l + 2. What is y(7)?
9
Let q(j) = -8*j**2 - j - 12*j + j + 11 + j**3. Suppose 5*x = -4*r - 31, 2904*r - 2899*r = x - 104. Calculate q(x).
-16
Let w(u) = 2*u**3 + 22*u**2 + 21*u - 8. Suppose -888 + 241 = 92*k + 273. What is w(k)?
-18
Let t be -2 - ((-2)/6 - 48/18). Let v be (-6 - (t + -3))*(-28)/8. Let f(z) = -z + 13. What is f(v)?
-1
Let h(b) = 499 - 135 - 120 + b - 118 - 122. Let r be ((-3)/(-6))/((-2)/36). Calculate h(r).
-5
Let h(d) = -76*d**3 - 9*d**2 - 24*d + 51. Let a(w) = -46*w**3 - 5*w**2 - 12*w + 26. Let v(f) = 5*a(f) - 3*h(f). Determine v(3).
-23
Let n(j) = -j**3 - 6*j**2 + 6*j - 1. Let z be -1*(-4 + 2/(-2)). Suppose 168 + 92 = z*c. Let v be 31/(-4) - (-39)/c. What is n(v)?
6
Let z(m) = m**3 - m**2 - m + 2. Suppose -6*y - 33 = 147. Let v be (-4 - -8)/((-40)/y). Calculate z(v).
17
Let j(y) = -8*y**3 + 45*y**2 + 20*y - 7. Let a(q) = -7*q**3 + 43*q**2 + 14*q - 8. Let k(l) = -6*a(l) + 5*j(l). Calculate k(16).
13
Let a be 40 - ((-10)/(-4) - (-15)/(-30)). Let c = -32 + a. Let g(t) = t**3 - 4*t**2 - 8*t + 2. Calculate g(c).
26
Suppose 19 = -2*l - 0*g - g, 3*g + 36 = -3*l. Let z(r) be the second derivative of 0 + r**2 + 1/12*r**4 + 7/6*r**3 - 8*r. Give z(l).
2
Let m(i) = -i**3 + 1. Let j be m(0). Let o(a) be the third derivative of a**5/10 + a**3/6 - 911*a**2. Calculate o(j).
7
Let b(x) = -x + 1. Let h(w) be the first derivative of -w**2/2 + 49*w + 17. Let y be h(25). Suppose -3*k - 23 = 2*v, -5*k - v - y = -k. Calculate b(k).
6
Let c(r) = -r**3 + 8*r**2 - 5*r - 9. Let s = -21 - -69. Let p be (-2822)